0cc (base 15) to base 11.
1166102
-2361401 (base 7) to base 5
-34110130
Convert -120b (base 14) to base 15.
-dec
947864 (base 10) to base 3
1210011020002
What is -855205 (base 15) in base 16?
-60d2ef
Convert -13606531 (base 7) to base 12.
-518661
Convert -25ba7 (base 15) to base 10.
-120757
Convert -57d88d (base 14) to base 12.
-1005545
Convert 2222221 (base 5) to base 14.
10341
Convert 10210012021022 (base 3) to base 9.
3705238
Convert a21488 (base 12) to base 4.
21222031220
-25d5 (base 14) to base 5
-203110
What is 8778722 (base 9) in base 16?
47faa1
Convert 33544434 (base 6) to base 3.
1221001212011
What is -700436 (base 9) in base 5?
-101214300
-1020021222212 (base 3) to base 9
-1207885
What is -248775 (base 9) in base 12?
-73335
What is 110134441 (base 5) in base 11?
2a4447
Convert -5a1a7 (base 15) to base 7.
-2304325
What is 111000011111101010001 (base 2) in base 11?
1054935
1211343 (base 7) to base 2
100101101001001001
265005351 (base 7) to base 10
17061003
Convert -110606 (base 9) to base 14.
-1a138
What is 12405035 (base 10) in base 9?
25306452
Convert 319ca7 (base 14) to base 11.
a4757a
Convert -1510044 (base 8) to base 9.
-725006
What is -1080602 (base 9) in base 12?
-242255
Convert -79239 (base 14) to base 5.
-33402201
Convert 431357 (base 8) to base 3.
21022200110
What is 1011111222000 (base 3) in base 15?
c3c1c
What is 47c823 (base 15) in base 12?
1197480
Convert 121a89 (base 13) to base 2.
1101001100100011111
747c (base 13) to base 5
1004113
Convert ba3b7 (base 12) to base 5.
30332242
-3b4077 (base 13) to base 5
-331440221
14310222 (base 7) to base 6
44512243
-7ea68 (base 15) to base 11
-256569
What is 24244214 (base 5) in base 16?
37adb
What is 33954 (base 11) in base 14?
13c48
1141536 (base 7) to base 3
21100110100
What is 100423143 (base 5) in base 11?
257149
3002222 (base 7) to base 14
92cb9
-202232230 (base 5) to base 11
-51086a
Convert 3262467 (base 8) to base 15.
1251a4
What is 20333 (base 15) in base 7?
603204
What is -189ab7 (base 13) in base 16?
-97b52
-320021022 (base 4) to base 12
-b10b6
1211644 (base 7) to base 11
a5a53
Convert 200104223 (base 5) to base 14.
1660b0
Convert -51b18 (base 13) to base 10.
-146882
Convert 1009192 (base 13) to base 9.
10106581
68945 (base 14) to base 16
3e141
Convert -937a46 (base 11) to base 2.
-101101111001011010111
11644431 (base 7) to base 5
232200403
What is -205b3a (base 13) in base 4?
-2320130113
What is 887954 (base 11) in base 4?
11121231001
What is 232302113 (base 4) in base 3?
100201212202
-402320301 (base 6) to base 13
-1555450
What is 100100101101010010 (base 2) in base 15?
2e839
3223c55 (base 13) to base 3
1001202202022202
-ac7c8 (base 15) to base 14
-103c77
12140103 (base 6) to base 15
7969c
1514975 (base 10) to base 5
341434400
Convert 312100413 (base 5) to base 16.
139983
1aec55 (base 15) to base 4
11001031013
Convert 9a6d (base 14) to base 6.
323505
-1da48 (base 15) to base 11
-66817
Convert 113103616 (base 7) to base 5.
3240200214
Convert -1001110111111111110 (base 2) to base 15.
-65d22
Convert -1317144 (base 11) to base 15.
-30032b
What is -235126 (base 11) in base 5?
-43412304
-153041515 (base 6) to base 16
-313517
Convert -13101211331 (base 4) to base 6.
-104513005
3daaa4 (base 15) to base 11
1750236
8910c5 (base 15) to base 6
352014505
Convert -12314123 (base 5) to base 15.
-257e3
-111111101011101101 (base 2) to base 7
-2134324
What is 24507 (base 12) in base 11?
33997
Convert 23e8c2 (base 15) to base 10.
1719857
c5234 (base 15) to base 2
10011000100011101010
What is -1164692 (base 12) in base 11?
-199a847
What is -11010101010100101000 (base 2) in base 13?
-24792c
-1010120230 (base 4) to base 11
-1814a4
Convert 5806a (base 14) to base 12.
a3aba
Convert 92bb21 (base 12) to base 4.
20301322021
1dd488 (base 14) to base 2
100000110001010010000
What is 8a497 (base 12) in base 13?
658c0
131193 (base 10) to base 11
8a627
Convert -1540401212 (base 6) to base 9.
-40834058
Convert 3041201 (base 5) to base 2.
1100000110001111
What is 21021120 (base 7) in base 6?
101534103
What is -1206916 (base 10) in base 14?
-235ba4
What is -200300011 (base 4) in base 13?
-490a2
What is -113122120 (base 4) in base 10?
-95896
Convert 51105672 (base 8) to base 10.
10783674
Convert -2136012 (base 7) to base 6.
-5334023
-1020010202 (base 3) to base 11
-17172
What is -26246615 (base 7) in base 9?
-4455178
-2b0762 (base 16) to base 14
-535962
-36a9 (base 14) to base 16
-2555
-3201101310 (base 4) to base 5
-214011430
5a3b1 (base 13) to base 15
34036
1515055 (base 7) to base 9
343321
b3030b (base 12) to base 8
12534273
What is 101114115 (base 6) in base 9?
3235622
What is -3212103 (base 4) in base 6?
-152123
Convert -20121010002101 (base 3) to base 7.
-41541031
-516353 (base 8) to base 14
-46599
What is 18e9867 (base 15) in base 11?
a305a18
Convert 154066555 (base 7) to base 4.
213203231011
Convert 43eb68 (base 15) to base 6.
153232142
Convert 552531 (base 9) to base 4.
1100203111
-242001 (base 9) to base 12
-70461
Convert 115c (base 15) to base 16.
e67
Convert 24104122 (base 5) to base 14.
5b0a8
Convert -7c0f1 (base 16) to base 12.
-206095
1160945 (base 10) to base 9
2158458
What is 121120210010 (base 3) in base 9?
546703
Convert -1886861 (base 13) to base 11.
-45a1842
11351171 (base 8) to base 10
2478713
What is -11141626 (base 7) in base 8?
-3543104
-151791 (base 11) to base 13
-8387c
Convert -bbc74 (base 13) to base 9.
-568020
What is 4ac8e8 (base 15) in base 6?
204511032
What is 8387266 (base 9) in base 3?
22102221022020
11320200001 (base 4) to base 9
2810374
Convert -141123121 (base 7) to base 13.
-1ba12b4
204467 (base 10) to base 12
9a3ab
Convert 12644546 (base 7) to base 8.
4356772
4d7943 (base 16) to base 12
184a317
What is 2054650 (base 10) in base 5?
1011222100
Convert 11505151 (base 6) to base 14.
97871
What is 100021002002 (base 3) in base 10?
182306
-235301 (base 8) to base 12
-3a769
-1015153 (base 6) to base 10
-49101
What is -43dd0 (base 14) in base 4?
-220030102
122c3 (base 14) to base 7
243433
-2546556 (base 8) to base 14
-145ddc
What is 11121110222 (base 3) in base 7?
525365
-292361 (base 14) to base 3
-2200112020100
34c333 (base 13) to base 3
2100202120211
21022203 (base 7) to base 6
101535540
What is 4020333 (base 6) in base 10?
189345
Convert 300554 (base 7) to base 2.
1100011000010001
Convert 346002 (base 7) to base 8.
171205
Convert 28432 (base 10) to base 12.
14554
What is -8268bc (base 15) in base 11?
-355400a
111022022102 (base 3) to base 2
111111111100110010
What is 552111 (base 7) in base 4?
113220033
What is 7265733 (base 8) in base 11?
10a7719
What is -200202541 (base 6) in base 11?
-19a6005
Convert 15dea2 (base 15) to base 6.
34413525
What is 9d373 (base 14) in base 11?
241099
What is 275737 (base 8) in base 7?
553343
What is -4b8594 (base 16) in base 11?
-2880611
1bbbda (base 16) to base 12
7379b6
What is 12121002 (base 5) in base 3?
12210012200
What is 46642164 (base 7) in base 14?
7903db
3011230000 (base 4) to base 8
3055400
-204346 (base 7) to base 4
-20211133
Convert 2878c5 (base 14) to base 11.
879876
What is 25671 (base 15) in base 12?
59251
What is -42223450 (base 8) in base 15?
-bc83a6
Convert 1315325 (base 8) to base 15.
73c7c
What is 12882646 (base 9) in base 5?
3112411332
Convert 20312151 (base 6) to base 9.
1081414
Convert 11b176 (base 12) to base 16.
4682a
-123319 (base 10) to base 8
-360667
What is 77a18 (base 12) in base 8?
465764
Convert -1074114 (base 8) to base 7.
-2330024
301488 (base 9) to base 7
1341524
Convert 110100121021 (base 3) to base 9.
410537
What is -2201010100 (base 4) in base 13?
-1a1394
Convert -3323302200 (base 4) to base 10.
-1031328
What is 125150220 (base 7) in base 5?
4023412211
Convert 3d858 (base 14) to base 13.
5459b
Convert 2211150 (base 8) to base 11.
376758
Convert 223022321 (base 6) to base 5.
2014442332
1830c (base 14) to base 2
1110111000101000
What is -1111110111101011111 (base 2) in base 8?
-1767537
123323210330 (base 4) to base 9
14688702
26880 (base 11) to base 5
2211244
What is -36dc0d (base 15) in base 16?
-281b6f
What is 3c261 (base 15) in base 6?
4045044
What is 133051400 (base 6) in base 9?
5013340
What is 120010122120 (base 3) in base 2?
1001000101110110010
Convert -16de0 (base 16) to base 2.
-101101101111